digit of 158?
8
What is the hundreds digit of 916?
9
What is the tens digit of 11764?
6
What is the units digit of 10725?
5
What is the thousands digit of 112389?
2
What is the tens digit of 12329?
2
What is the hundreds digit of 483?
4
What is the units digit of 5297?
7
What is the ten thousands digit of 31914?
3
What is the thousands digit of 1279?
1
What is the ten thousands digit of 27937?
2
What is the units digit of 56683?
3
What is the hundreds digit of 51445?
4
What is the thousands digit of 9365?
9
What is the hundreds digit of 611?
6
What is the thousands digit of 1482?
1
What is the units digit of 877?
7
What is the thousands digit of 1274?
1
What is the tens digit of 2958?
5
What is the thousands digit of 1027?
1
What is the hundreds digit of 15297?
2
What is the units digit of 524?
4
What is the tens digit of 34186?
8
What is the units digit of 11008?
8
What is the ten thousands digit of 53788?
5
What is the hundreds digit of 5109?
1
What is the thousands digit of 13172?
3
What is the tens digit of 44964?
6
What is the units digit of 1236?
6
What is the units digit of 3366?
6
What is the tens digit of 1017?
1
What is the thousands digit of 5133?
5
What is the ten thousands digit of 27482?
2
What is the ten thousands digit of 10846?
1
What is the tens digit of 27416?
1
What is the units digit of 2217?
7
What is the units digit of 887?
7
What is the units digit of 569?
9
What is the tens digit of 5984?
8
What is the units digit of 38556?
6
What is the thousands digit of 5133?
5
What is the hundreds digit of 77592?
5
What is the hundreds digit of 3193?
1
What is the tens digit of 9679?
7
What is the hundreds digit of 13204?
2
What is the thousands digit of 4310?
4
What is the tens digit of 478?
7
What is the units digit of 1048?
8
What is the thousands digit of 2384?
2
What is the ten thousands digit of 64544?
6
What is the thousands digit of 1176?
1
What is the hundreds digit of 208?
2
What is the hundreds digit of 4840?
8
What is the units digit of 54040?
0
What is the hundreds digit of 1951?
9
What is the hundreds digit of 2477?
4
What is the units digit of 877?
7
What is the units digit of 91430?
0
What is the hundreds digit of 14061?
0
What is the thousands digit of 7005?
7
What is the tens digit of 1630?
3
What is the tens digit of 2875?
7
What is the hundreds digit of 3518?
5
What is the units digit of 393?
3
What is the units digit of 2355?
5
What is the units digit of 53311?
1
What is the thousands digit of 11485?
1
What is the units digit of 2558?
8
What is the tens digit of 674?
7
What is the hundreds digit of 1225?
2
What is the units digit of 4051?
1
What is the thousands digit of 2642?
2
What is the hundreds digit of 575?
5
What is the tens digit of 2696?
9
What is the thousands digit of 2824?
2
What is the tens digit of 56451?
5
What is the hundreds digit of 62239?
2
What is the hundreds digit of 88518?
5
What is the hundreds digit of 17770?
7
What is the tens digit of 982?
8
What is the hundreds digit of 604?
6
What is the tens digit of 397?
9
What is the tens digit of 599?
9
What is the hundreds digit of 153?
1
What is the hundreds digit of 160136?
1
What is the thousands digit of 1997?
1
What is the tens digit of 24404?
0
What is the units digit of 1441?
1
What is the hundreds digit of 1840?
8
What is the units digit of 29614?
4
What is the tens digit of 500?
0
What is the hundreds digit of 3292?
2
What is the ten thousands digit of 12354?
1
What is the thousands digit of 83928?
3
What is the tens digit of 44914?
1
What is the tens digit of 16422?
2
What is the tens digit of 15716?
1
What is the hundreds digit of 41859?
8
What is the ten thousands digit of 21313?
2
What is the units digit of 187?
7
What is the units digit of 27541?
1
What is the hundreds digit of 2823?
8
What is the hundreds digit of 151953?
9
What is the hundreds digit of 637?
6
What is the units digit of 1818?
8
What is the hundreds digit of 33168?
1
What is the hundreds digit of 1014?
0
What is the units digit of 19241?
1
What is the units digit of 8543?
3
What is the units digit of 30946?
6
What is the tens digit of 2261?
6
What is the tens digit of 25693?
9
What is the units digit of 17721?
1
What is the units digit of 16763?
3
What is the ten thousands digit of 31687?
3
What is the hundreds digit of 2858?
8
What is the ten thousands digit of 50439?
5
What is the tens digit of 38281?
8
What is the ten thousands digit of 30231?
3
What is the hundreds digit of 8182?
1
What is the hundreds digit of 179?
1
What is the hundreds digit of 111985?
9
What is the hundreds digit of 14029?
0
What is the thousands digit of 2542?
2
What is the hundreds digit of 4480?
4
What is the ten thousands digit of 24513?
2
What is the units digit of 2053?
3
What is the hundreds digit of 3402?
4
What is the tens digit of 6440?
4
What is the tens digit of 1000?
0
What is the thousands digit of 22227?
2
What is the ten thousands digit of 62239?
6
What is the units digit of 7576?
6
What is the thousands digit of 48115?
8
What is the units digit of 668?
8
What is the thousands digit of 5173?
5
What is the tens digit of 18195?
9
What is the hundreds digit of 1737?
7
What is the thousands digit of 3317?
3
What is the tens digit of 180?
8
What is the tens digit of 953?
5
What is the hundreds digit of 35529?
5
What is the ten thousands digit of 70554?
7
What is the tens digit of 6480?
8
What is the hundreds digit of 50985?
9
What is the tens digit of 31975?
7
What is the thousands digit of 1649?
1
What is the units digit of 679?
9
What is the thousands digit of 57799?
7
What is the units digit of 3556?
6
What is the hundreds digit of 12082?
0
What is the tens digit of 7166?
6
What is the ten thousands digit of 117196?
1
What is the tens digit of 60198?
9
What is the thousands digit of 31716?
1
What is the hundreds digit of 6166?
1
What is the units digit of 169?
9
What is the hundreds digit of 2846?
8
What is the hundreds digit of 6776?
7
What is the units digit of 70406?
6
What is the units digit of 121808?
8
What is the tens digit of 11839?
3
What is the tens digit of 3993?
9
What is the units digit of 4454?
4
What is the units digit of 916?
6
What is the hundreds digit of 1252?
2
What is the thousands digit of 7298?
7
What is the tens digit of 875?
7
What is the tens digit of 4139?
3
What is the tens digit of 9433?
3
What is the hundreds digit of 237?
2
What is the ten thousands digit of 19562?
1
What is the hundreds digit of 8320?
3
What is the units digit of 10558?
8
What is the ten thousands digit of 11512?
1
What is the thousands digit of 22114?
2
What is the thousands digit of 40615?
0
What is the tens digit of 2202?
0
What is the tens digit of 17434?
3
What is the tens digit of 1477?
7
What is the hundreds digit of 3007?
0
What is the thousands digit of 52977?
2
What is the hundreds digit of 801?
8
What is the hundreds digit of 17310?
3
What is the units digit of 78233?
3
What is the tens digit of 1517?
1
What is the units digit of 13006?
6
What is the units digit of 985?
5
What is the ten thousands digit of 93620?
9
What is the hundreds digit of 30461?
4
What is the units digit of 1166?
6
What is the units digit of 1074?
4
What is the thousands digit of 5280?
5
What is the hundreds digit of 28631?
6
What is the tens digit of 64534?
3
What is the hundreds digit of 49133?
1
What is the units digit of 10994?
4
What is the thousands digit of 6380?
6
What is the thousands digit of 4546?
4
What is the tens digit of 2240?
4
What is the units digit of 9977?
7
What is the tens digit of 1822?
2
What is the units digit of 9434?
4
What is the thousands digit of 6277?
6
What is the thousands digit of 11808?
1
What is the thousands digit of 6900?
6
What is the units digit of 1767?
7
What is the tens digit of 2929?
2
What is the hundreds digit of 386?
3
What is the tens digit of 17150?
5
What is the ten thousands digit of 43618?
4
What is the units digit of 7947?
7
What is the units digit of 109370?
0
What is the tens digit of 4349?
4
What is the tens digit of 922?
2
What is the hundreds digit of 11685?
6
What is the thousands digit of 10823?
0
What is the units digit of 12225?
5
What is the ten thousands digit of 23848?
2
What is the units digit of 2451?
1
What is the thousand